3, 5, 67
List the prime factors of 7649.
7649
What are the prime factors of 90652?
2, 131, 173
What are the prime factors of 22726?
2, 11, 1033
List the prime factors of 148.
2, 37
What are the prime factors of 3470?
2, 5, 347
What are the prime factors of 18413?
18413
List the prime factors of 24540.
2, 3, 5, 409
What are the prime factors of 1768?
2, 13, 17
What are the prime factors of 2859?
3, 953
List the prime factors of 975.
3, 5, 13
List the prime factors of 804.
2, 3, 67
What are the prime factors of 9446?
2, 4723
List the prime factors of 3796.
2, 13, 73
What are the prime factors of 894?
2, 3, 149
List the prime factors of 17531.
47, 373
What are the prime factors of 71456?
2, 7, 11, 29
What are the prime factors of 40291?
43, 937
What are the prime factors of 3658?
2, 31, 59
List the prime factors of 16244.
2, 31, 131
List the prime factors of 47395.
5, 9479
What are the prime factors of 17674?
2, 8837
List the prime factors of 47639.
47639
List the prime factors of 514.
2, 257
List the prime factors of 7185.
3, 5, 479
What are the prime factors of 19987?
11, 23, 79
List the prime factors of 40467.
3, 7, 41, 47
What are the prime factors of 2858?
2, 1429
List the prime factors of 5555.
5, 11, 101
What are the prime factors of 14712?
2, 3, 613
List the prime factors of 7688.
2, 31
What are the prime factors of 130844?
2, 7, 4673
List the prime factors of 58606.
2, 29303
What are the prime factors of 961?
31
List the prime factors of 1977.
3, 659
What are the prime factors of 2797?
2797
What are the prime factors of 92?
2, 23
List the prime factors of 109128.
2, 3, 4547
List the prime factors of 661.
661
What are the prime factors of 216?
2, 3
List the prime factors of 44537.
44537
List the prime factors of 39705.
3, 5, 2647
What are the prime factors of 1146?
2, 3, 191
What are the prime factors of 15058?
2, 7529
List the prime factors of 61958.
2, 13, 2383
List the prime factors of 6093.
3, 677
List the prime factors of 12383.
7, 29, 61
What are the prime factors of 566?
2, 283
List the prime factors of 49871.
49871
List the prime factors of 5616.
2, 3, 13
What are the prime factors of 103821?
3, 34607
What are the prime factors of 61?
61
List the prime factors of 22240.
2, 5, 139
List the prime factors of 28035.
3, 5, 7, 89
What are the prime factors of 38667?
3, 12889
List the prime factors of 63712.
2, 11, 181
List the prime factors of 1463.
7, 11, 19
List the prime factors of 69180.
2, 3, 5, 1153
List the prime factors of 8311.
8311
List the prime factors of 1411.
17, 83
List the prime factors of 9038.
2, 4519
What are the prime factors of 52616?
2, 6577
What are the prime factors of 7587?
3, 281
List the prime factors of 617.
617
List the prime factors of 46762.
2, 103, 227
What are the prime factors of 33152?
2, 7, 37
What are the prime factors of 5350?
2, 5, 107
What are the prime factors of 779?
19, 41
List the prime factors of 6382.
2, 3191
List the prime factors of 2807.
7, 401
What are the prime factors of 2128?
2, 7, 19
List the prime factors of 12711.
3, 19, 223
What are the prime factors of 409?
409
List the prime factors of 1066.
2, 13, 41
List the prime factors of 39746.
2, 7, 17, 167
List the prime factors of 17891.
17891
What are the prime factors of 2387?
7, 11, 31
List the prime factors of 80513.
80513
List the prime factors of 12124.
2, 7, 433
List the prime factors of 1971.
3, 73
What are the prime factors of 159?
3, 53
List the prime factors of 1121.
19, 59
What are the prime factors of 353?
353
What are the prime factors of 94301?
181, 521
List the prime factors of 419.
419
What are the prime factors of 3174?
2, 3, 23
What are the prime factors of 18569?
31, 599
List the prime factors of 1437.
3, 479
What are the prime factors of 1150?
2, 5, 23
List the prime factors of 2441.
2441
List the prime factors of 931.
7, 19
List the prime factors of 2120.
2, 5, 53
What are the prime factors of 48?
2, 3
What are the prime factors of 255?
3, 5, 17
What are the prime factors of 5515?
5, 1103
List the prime factors of 724.
2, 181
List the prime factors of 149214.
2, 3, 13, 1913
List the prime factors of 181.
181
List the prime factors of 12404.
2, 7, 443
What are the prime factors of 27220?
2, 5, 1361
List the prime factors of 35797.
35797
List the prime factors of 116105.
5, 11, 2111
What are the prime factors of 1021?
1021
List the prime factors of 23594.
2, 47, 251
List the prime factors of 124.
2, 31
List the prime factors of 12540.
2, 3, 5, 11, 19
What are the prime factors of 3389?
3389
What are the prime factors of 281?
281
What are the prime factors of 2?
2
List the prime factors of 62148.
2, 3, 5179
What are the prime factors of 8997?
3, 2999
List the prime factors of 1112.
2, 139
List the prime factors of 763.
7, 109
What are the prime factors of 12876?
2, 3, 29, 37
What are the prime factors of 15100?
2, 5, 151
What are the prime factors of 10814?
2, 5407
List the prime factors of 685.
5, 137
List the prime factors of 9497.
9497
What are the prime factors of 2601?
3, 17
What are the prime factors of 13922?
2, 6961
What are the prime factors of 129546?
2, 3, 2399
What are the prime factors of 4329?
3, 13, 37
List the prime factors of 65301.
3, 21767
What are the prime factors of 55838?
2, 27919
What are the prime factors of 107?
107
List the prime factors of 326.
2, 163
What are the prime factors of 12775?
5, 7, 73
List the prime factors of 9502.
2, 4751
List the prime factors of 13238.
2, 6619
What are the prime factors of 363?
3, 11
List the prime factors of 2016.
2, 3, 7
List the prime factors of 2561.
13, 197
List the prime factors of 3043.
17, 179
What are the prime factors of 17275?
5, 691
What are the prime factors of 89092?
2, 22273
List the prime factors of 963.
3, 107
List the prime factors of 58715.
5, 11743
What are the prime factors of 34131?
3, 31, 367
List the prime factors of 1147.
31, 37
List the prime factors of 2123.
11, 193
What are the prime factors of 57?
3, 19
List the prime factors of 113595.
3, 5, 7573
What are the prime factors of 2344?
2, 293
What are the prime factors of 2443?
7, 349
List the prime factors of 58877.
7, 13, 647
What are the prime factors of 667?
23, 29
List the prime factors of 2183.
37, 59
What are the prime factors of 790?
2, 5, 79
List the prime factors of 20055.
3, 5, 7, 191
List the prime factors of 1281.
3, 7, 61
What are the prime factors of 1133?
11, 103
What are the prime factors of 2146?
2, 29, 37
What are the prime factors of 8806?
2, 7, 17, 37
What are the prime factors of 25813?
83, 311
What are the prime factors of 674?
2, 337
What are the prime factors of 49?
7
List the prime factors of 3697.
3697
What are the prime factors of 46296?
2, 3, 643
List the prime factors of 19694.
2, 43, 229
What are the prime factors of 28263?
3, 9421
What are the prime factors of 7072?
2, 13, 17
List the prime factors of 3150.
2, 3, 5, 7
What are the prime factors of 815?
5, 163
List the prime factors of 136.
2, 17
List the prime factors of 17329.
13, 31, 43
List the prime factors of 10962.
2, 3, 7, 29
What are the prime factors of 3135?
3, 5, 11, 19
What are the prime factors of 1236?
2, 3, 103
List the prime factors of 305.
5, 61
List the prime factors of 24042.
2, 3, 4007
List the prime factors of 65440.
2, 5, 409
What are the prime factors of 15767?
15767
List the prime factors of 1061.
1061
List the prime factors of 31403.
31, 1013
List the prime factors of 280.
2, 5, 7
List the prime factors of 35846.
2, 17923
List the prime factors of 1129.
1129
What are the prime factors of 10722?
2, 3, 1787
What are the prime factors of 87248?
2, 7, 19, 41
What are the prime factors of 4983?
3, 11, 151
List the prime factors of 1574.
2, 787
List the prime factors of 11007.
3, 1223
What are the prime factors of 1935?
3, 5, 43
What are the prime factors of 36996?
2, 3, 3083
List the prime factors of 12804.
2, 3, 11, 97
What are the prime factors of 832?
2, 13
List the prime factors of 1041.
3, 347
What are the prime factors of 53341?
41, 1301
List the prime factors of 2380.
2, 5, 7, 17
List the prime factors of 1822.
2, 911
List the prime factors of 3010.
2, 5, 7, 43
What are the prime factors of 4286?
2, 2143
What are the prime factors of 24838?
2, 11, 1129
List the prime fa